he prime factors of 1055740559.
26459, 39901
What are the prime factors of 34469639?
34469639
What are the prime factors of 713038758?
2, 3, 509, 233477
What are the prime factors of 7854548?
2, 13, 151049
What are the prime factors of 28103368?
2, 41, 47, 1823
What are the prime factors of 1869886191?
3, 479, 1301243
List the prime factors of 40479817.
7, 1523, 3797
List the prime factors of 45225818.
2, 11, 2055719
What are the prime factors of 134203973?
19, 7063367
What are the prime factors of 5814743142?
2, 3, 13, 74547989
What are the prime factors of 300089054?
2, 150044527
List the prime factors of 137345541.
3, 45781847
List the prime factors of 85265810.
2, 5, 7, 31, 39293
List the prime factors of 7896429278.
2, 659, 5991221
List the prime factors of 493543683.
3, 23, 2384269
List the prime factors of 31126220.
2, 5, 47, 33113
What are the prime factors of 60737188?
2, 199, 76303
What are the prime factors of 106478129?
4261, 24989
What are the prime factors of 1058374793?
7, 151196399
What are the prime factors of 630622331?
19, 61, 544109
What are the prime factors of 3211140617?
2729, 1176673
What are the prime factors of 295113094?
2, 47, 1283, 2447
What are the prime factors of 55283364?
2, 3, 557, 919
List the prime factors of 15132451.
103, 146917
What are the prime factors of 2095468428?
2, 3, 19, 29, 316919
What are the prime factors of 287841304?
2, 53, 678871
List the prime factors of 186920423.
17, 19, 578701
List the prime factors of 56958241.
67, 239, 3557
List the prime factors of 2663542453.
11, 13, 18626171
List the prime factors of 76580897.
131, 584587
List the prime factors of 734040041.
7, 31, 483239
What are the prime factors of 44360385?
3, 5, 181, 16339
List the prime factors of 140932939.
7, 20133277
List the prime factors of 2940237629.
7, 420033947
What are the prime factors of 33910333?
107, 316919
What are the prime factors of 2828918633?
2828918633
List the prime factors of 61363308.
2, 3, 5113609
What are the prime factors of 704255008?
2, 313, 70313
List the prime factors of 211880745.
3, 5, 1569487
What are the prime factors of 783933433?
67, 11700499
What are the prime factors of 152251153?
152251153
What are the prime factors of 424055120?
2, 5, 53, 103, 971
What are the prime factors of 151040364?
2, 3, 37, 163, 2087
What are the prime factors of 84159185?
5, 11, 23, 66529
What are the prime factors of 221201210?
2, 5, 71, 311551
What are the prime factors of 43953261?
3, 11, 197, 6761
What are the prime factors of 56406526?
2, 11, 2563933
List the prime factors of 209257423.
89, 2351207
What are the prime factors of 85274275?
5, 3410971
List the prime factors of 30451083.
3, 13, 31, 89, 283
List the prime factors of 44384371.
157, 282703
What are the prime factors of 1106994858?
2, 3, 383, 481721
What are the prime factors of 57387814?
2, 11, 37, 70501
What are the prime factors of 427963008?
2, 3, 11, 71, 1427
What are the prime factors of 3149437451?
541, 5821511
List the prime factors of 35214441.
3, 11738147
List the prime factors of 642176377.
17, 29, 31, 42019
What are the prime factors of 812355608?
2, 17, 2069, 2887
What are the prime factors of 2640673345?
5, 67, 7882607
List the prime factors of 51606650.
2, 5, 89, 11597
List the prime factors of 484263309.
3, 17, 9495359
List the prime factors of 69870343.
23, 757, 4013
List the prime factors of 1495716037.
1495716037
What are the prime factors of 12026136?
2, 3, 501089
What are the prime factors of 3091863063?
3, 14831, 69491
What are the prime factors of 318474283?
318474283
What are the prime factors of 105577484?
2, 53, 317, 1571
List the prime factors of 27838103.
27838103
What are the prime factors of 631190?
2, 5, 7, 71, 127
List the prime factors of 109691871.
3, 17, 2150821
What are the prime factors of 1174415786?
2, 131, 137, 32719
What are the prime factors of 316518546?
2, 3, 17, 1723, 1801
List the prime factors of 12627246.
2, 3, 2104541
What are the prime factors of 202880873?
13, 17, 53, 17321
What are the prime factors of 707245596?
2, 3, 43, 456877
List the prime factors of 46313018.
2, 1451, 15959
What are the prime factors of 549685319?
41, 326999
What are the prime factors of 3839166610?
2, 5, 17, 41, 550813
What are the prime factors of 41497243?
509, 81527
What are the prime factors of 49250027?
281, 175267
List the prime factors of 15318042.
2, 3, 389, 6563
What are the prime factors of 4166389638?
2, 3, 337, 686843
List the prime factors of 511888948.
2, 419, 305423
List the prime factors of 305960794.
2, 152980397
What are the prime factors of 1387987396?
2, 89, 3898841
List the prime factors of 285476399.
13, 41, 101, 5303
What are the prime factors of 671587807?
11, 61053437
List the prime factors of 3986612138.
2, 37, 157, 343141
List the prime factors of 940192128.
2, 3, 83, 9833
List the prime factors of 1186521062.
2, 593260531
What are the prime factors of 50394201?
3, 11, 13, 59, 181
What are the prime factors of 92054148?
2, 3, 7671179
List the prime factors of 2367784059.
3, 23, 34315711
What are the prime factors of 441374359?
67, 151, 43627
List the prime factors of 170458007.
71, 2400817
What are the prime factors of 132952771?
7, 18993253
List the prime factors of 1839918921.
3, 71, 8638117
What are the prime factors of 191560572?
2, 3, 7, 253387
What are the prime factors of 471509939?
12269, 38431
What are the prime factors of 13047789?
3, 17, 255839
What are the prime factors of 171218630?
2, 5, 11, 71, 1993
What are the prime factors of 120248948?
2, 19, 673, 2351
What are the prime factors of 3308?
2, 827
List the prime factors of 68681561.
13, 19, 278063
List the prime factors of 18635637.
3, 19, 326941
List the prime factors of 883709603.
7, 73, 1729373
What are the prime factors of 1392997?
17, 67, 1223
List the prime factors of 47446049.
7, 2551, 2657
List the prime factors of 5241838643.
41, 5021, 25463
List the prime factors of 144594022.
2, 107, 181, 3733
List the prime factors of 183206436.
2, 3, 7, 19, 191, 601
What are the prime factors of 147824543?
9433, 15671
What are the prime factors of 423238662?
2, 3, 7, 11, 101789
What are the prime factors of 4142944818?
2, 3, 230163601
What are the prime factors of 131489920?
2, 5, 205453
List the prime factors of 116549767.
116549767
What are the prime factors of 326613669?
3, 47, 1429, 1621
List the prime factors of 12962087.
23, 107, 229
What are the prime factors of 618827574?
2, 3, 17, 173, 35069
What are the prime factors of 5582030873?
127, 43952999
List the prime factors of 77311106.
2, 38655553
What are the prime factors of 1773346738?
2, 17, 61, 107, 131
List the prime factors of 1314697823.
1314697823
What are the prime factors of 206868072?
2, 3, 23, 374761
List the prime factors of 766369508.
2, 191592377
What are the prime factors of 201568039?
201568039
What are the prime factors of 4716013586?
2, 617, 3821729
List the prime factors of 7611528.
2, 3, 23, 13789
List the prime factors of 1873264762.
2, 23, 40723147
List the prime factors of 67531654.
2, 33765827
List the prime factors of 795051872.
2, 24845371
What are the prime factors of 3810047?
3810047
List the prime factors of 17527997.
97, 180701
What are the prime factors of 68107686?
2, 3, 73, 131, 1187
List the prime factors of 412756306.
2, 271, 761543
List the prime factors of 106231225.
5, 4249249
List the prime factors of 19698960.
2, 3, 5, 211, 389
What are the prime factors of 96197989?
829, 116041
List the prime factors of 585821586.
2, 3, 7, 13948133
List the prime factors of 203361242.
2, 7, 17, 854459
What are the prime factors of 180439063?
7, 47, 491, 1117
What are the prime factors of 125597000?
2, 5, 125597
What are the prime factors of 826809180?
2, 3, 5, 199, 69247
What are the prime factors of 99788193?
3, 410651
List the prime factors of 54992021.
7, 47, 167149
What are the prime factors of 1115574192?
2, 3, 1069, 7247
List the prime factors of 851385790.
2, 5, 85138579
List the prime factors of 501726137.
11, 4146497
What are the prime factors of 49432865?
5, 23, 429851
What are the prime factors of 105675909?
3, 137, 223, 1153
List the prime factors of 1216862972.
2, 13, 23401211
What are the prime factors of 58433727?
3, 11, 1770719
List t